).
3
Let v(p) = 8254*p**2 + 74270*p - 178. Give v(-9).
-34
Let p(c) = 1567*c + 32992. Calculate p(-21).
85
Let o(c) = c**2 + 33*c + 91. What is o(-14)?
-175
Let a(i) = -19*i**2 + 757*i + 3043. Give a(-4).
-289
Let m(w) = -w**2 - 13146*w + 620074. What is m(47)?
3
Let t(o) = -322220*o + 3866649. Calculate t(12).
9
Let g(v) = 2*v**2 + 196*v + 3919. Calculate g(-66).
-305
Let j(u) = -9*u**2 - 83*u + 180. What is j(-7)?
320
Let d(r) = 57*r**2 + 503*r + 3133. Calculate d(-6).
2167
Let r(t) = 61*t**3 - 1656*t**2 + 239*t + 95. Calculate r(27).
-13
Let g(m) = 2729*m - 76324. Determine g(28).
88
Let b(p) = 17330*p + 4401827. Calculate b(-254).
7
Let x(a) = 29414*a - 2323741. Give x(79).
-35
Let p(g) = -27*g**3 - 862*g**2 + 48*g - 504. Give p(-32).
8
Let x(m) = 88*m**2 - 744*m + 249. What is x(8)?
-71
Let r(p) = -p**3 - 189*p**2 - 1735*p - 75. Calculate r(-10).
-625
Let r(u) = -19*u**2 + 334*u - 505. What is r(16)?
-25
Let c(n) = -5253*n + 73484. Calculate c(14).
-58
Let o(y) = 15*y**3 - 213*y**2 + 118*y - 816. Calculate o(14).
248
Let o(c) = c**3 + 6*c**2 - 82*c - 281. Give o(-13).
-398
Let i(k) = k**3 - 155*k**2 + 3075*k - 5106. What is i(132)?
42
Let n(p) = -2*p**3 + 19*p**2 - 133*p + 949. Determine n(7).
263
Let r(z) = -63*z + 2725. What is r(48)?
-299
Let l(r) = r**3 - 23*r**2 + 74*r - 275. What is l(20)?
5
Let s(p) = -3*p**3 + 306*p**2 - 612*p + 62429. Determine s(102).
5
Let n(z) = -2*z**2 + 560*z + 4615. Give n(-8).
7
Let k(t) = 62*t - 4649. Calculate k(63).
-743
Let j(x) = -223*x**2 - 62662*x + 280. Calculate j(-281).
-1
Let p(d) = d**2 - 201*d - 3970. Calculate p(219).
-28
Let t(m) = m**2 - 7031*m - 3557334. Give t(-474).
36
Let m(r) = -2*r**3 - 105*r**2 - 607*r - 427. What is m(-46)?
-13
Let v(m) = 122069*m - 366227. Calculate v(3).
-20
Let l(x) = 5740*x + 37663. Determine l(-7).
-2517
Let i(r) = -r**2 + 418*r - 7334. Give i(18).
-134
Let g(k) = k**3 + 14*k**2 + 706*k + 6661. Calculate g(-10).
1
Let a(s) = -3*s**2 + 2046*s - 35818. What is a(18)?
38
Let y(w) = -105*w**2 + 13502*w - 13505. Give y(1).
-108
Let p(g) = -1209*g - 7614. Give p(-6).
-360
Let b(j) = 9*j**2 - 2839*j + 74760. Determine b(29).
-2
Let p(n) = 38861*n - 427506. What is p(11)?
-35
Let j(w) = -6167*w - 548791. Calculate j(-89).
72
Let j(c) = -10547*c + 6518029. Determine j(618).
-17
Let s(o) = 3*o**2 + 486*o - 118988. Calculate s(-296).
4
Let x(g) = 65941*g + 1978210. Determine x(-30).
-20
Let a(v) = -977260*v - 1954512. Calculate a(-2).
8
Let d(a) = -545*a + 31585. What is d(58)?
-25
Let k(y) = -1322*y - 59446. Calculate k(-45).
44
Let s(f) = f**3 + 178*f**2 - 4117*f - 705104. Calculate s(-179).
-202
Let x(v) = -2142*v + 392063. Give x(183).
77
Let l(k) = 2*k**2 + 51627*k - 361460. Determine l(7).
27
Let o(v) = 4*v**2 - 290*v - 11822. Calculate o(-39).
5572
Let r(m) = 28964*m + 753075. Determine r(-26).
11
Let u(q) = -q**3 + 14*q**2 + 302*q + 626. What is u(-10)?
6
Let k(r) = r**3 + 9*r**2 - 47*r - 262. Determine k(-4).
6
Let j(s) = -6688*s - 26897. Determine j(-4).
-145
Let d(l) = -71327*l - 356626. Give d(-5).
9
Let q(p) = 10*p**3 + 2451*p**2 + 193*p - 12723. What is q(-245)?
17
Let n(t) = t**2 + 1353*t + 51474. Determine n(-39).
228
Let x(w) = 1139*w + 36455. What is x(-32)?
7
Let n(q) = 8121*q - 3321486. Determine n(409).
3
Let b(z) = -2*z**3 - 32*z**2 + 35*z + 108. What is b(-18)?
774
Let k(p) = -15339*p - 690286. Determine k(-45).
-31
Let k(t) = t**2 - 359*t + 31926. Determine k(241).
3488
Let j(n) = n**3 + 45*n**2 + 359*n - 4. Determine j(-10).
-94
Let g(k) = 1486*k - 46102. Give g(31).
-36
Let k(x) = -2301*x - 59816. Give k(-26).
10
Let f(o) = -316*o - 11474. Calculate f(-33).
-1046
Let h(b) = 22*b**3 + 945*b**2 - 35*b + 426. Determine h(-43).
82
Let v(t) = -5*t**2 + 523*t - 2669. Give v(5).
-179
Let p(l) = 29*l**2 - 17431*l + 122039. What is p(7)?
1443
Let t(j) = 992*j - 40549. Give t(41).
123
Let x(a) = -4*a**2 - 17972*a + 234316. Determine x(13).
4
Let d(w) = 34*w**2 + 33*w - 122. Calculate d(2).
80
Let w(f) = -549322*f - 5493198. Calculate w(-10).
22
Let f(c) = -3*c**3 - 86*c**2 + 342*c + 806. Calculate f(-32).
102
Let f(w) = w**3 + 25*w**2 + 139*w + 3222. Determine f(-27).
-1989
Let o(g) = g**3 - 81*g**2 + 620*g + 3627. Calculate o(71).
-2763
Let h(z) = 2*z**3 - 100*z**2 - 348*z - 4530. Calculate h(54).
6
Let a(v) = 3553*v**2 + 213228*v + 2886. Give a(-60).
6
Let f(m) = -23*m**3 + 6865*m**2 + 3504*m + 25118. What is f(299)?
2
Let b(s) = -659*s - 3380. What is b(-4)?
-744
Let h(s) = -s**2 - 546*s - 48616. Determine h(-112).
-8
Let h(d) = -2*d**3 + 783*d**2 + 2762*d + 1167. What is h(395)?
-18
Let m(r) = 2*r**2 + 69*r + 525. What is m(-24)?
21
Let c(n) = 3*n**2 + 4346*n + 185409. What is c(-44)?
-7
Let y(s) = -927*s**2 - 3*s - 82. Calculate y(0).
-82
Let i(b) = 2340*b + 998. What is i(0)?
998
Let m(f) = -8681*f**2 + 52073*f - 5. Calculate m(6).
-83
Let s(i) = i**3 - 7*i**2 - 104*i - 146. Calculate s(13).
-484
Let r(j) = 221*j + 2429. Give r(-10).
219
Let o(u) = -18*u**2 - 9580*u - 9576. Calculate o(-1).
-14
Let g(f) = 12819*f + 897328. Calculate g(-70).
-2
Let d(z) = -11061*z + 785336. What is d(71)?
5
Let s(v) = 2*v**3 - 261*v**2 + 394*v - 386. Determine s(129).
517
Let s(g) = 295*g + 7434. Calculate s(-26).
-236
Let i(t) = 3*t**3 - 46*t**2 - 1393*t + 21819. Give i(21).
63
Let y(r) = -r**3 - 13*r**2 + 521*r - 2442. What is y(6)?
0
Let j(v) = v**2 + 6302*v - 183292. Give j(29).
307
Let f(z) = z**3 - 83*z**2 + 1402*z + 335. Give f(24).
-1
Let a(f) = -214*f**2 - 754*f + 2994. Calculate a(4).
-3446
Let i(l) = 2*l**2 - 100*l - 3687. What is i(75)?
63
Let n(s) = -1713*s + 17211. Determine n(10).
81
Let d(r) = 244814*r + 1224052. Determine d(-5).
-18
Let h(n) = -6544*n + 91469. Calculate h(14).
-147
Let a(m) = m**3 - 359*m**2 - 8*m + 2158. Give a(359).
-714
Let j(r) = -450*r - 3186. What is j(-6)?
-486
Let c(y) = 6*y**2 + 1363*y + 5441. What is c(-4)?
85
Let t(d) = -21*d**2 + 1210*d - 1208. What is t(1)?
-19
Let k(s) = 12516*s - 23634. Determine k(2).
1398
Let s(p) = -3*p**2 + 5277*p + 5277. Give s(-1).
-3
Let h(u) = -16789*u - 107. What is h(0)?
-107
Let f(d) = -4*d**3 + 7*d**2 + 8*d + 28. Give f(-3).
175
Let a(r) = 6070*r + 54664. Calculate a(-9).
34
Let r(x) = -2*x**2 - 6521*x + 804316. Determine r(119).
-5
Let t(s) = 1032*s - 203812. Give t(199).
1556
Let n(v) = -22*v**3 - 80*v**2 - 96*v - 17. What is n(-1)?
21
Let n(f) = 2*f**3 + 199*f**2 - 134*f - 3844. Determine n(-100).
-444
Let s(d) = -d**3 + 144*d**2 - 4611*d + 41. Calculate s(48).
-103
Let p(z) = 961412*z - 37495061. What is p(39)?
7
Let w(u) = -1648*u**2 - 6583*u - 11. What is w(-4)?
-47
Let p(s) = -35861*s - 286353. Determine p(-8).
535
Let m(j) = j**3 + 37*j**2 + 312*j + 5819. Calculate m(-33).
-121
Let n(r) = 7*r**3 - 65*r**2 - 8*r - 282. Calculate n(10).
138
Let z(b) = 16493*b + 29423518. Calculate z(-1784).
6
Let j(k) = 7*k**2 - 129*k - 1103. What is j(25)?
47
Let l(j) = -j**3 + 15*j**2 + 1805*j - 20270. Calculate l(11).
69
Let q(w) = 15*w**2 + 544*w + 176. Calculate q(-36).
32
Let f(d) = d**2 + 8497*d + 169589. Give f(-20).
49
Let p(r) = -99*r + 519. Give p(5).
24
Let t(y) = -3*y**3 + 344*y**2 + 126*y - 1215. Determine t(115).
50
Let l(d) = -387*d - 58419. Determine l(-151).
18
Let a(x) = -x**3 - 31*x**2 + 21*x + 728. Determine a(-31).
77
Let w(n) = -2*n**3 + 37*n**2 - 2016*n + 35965. Give w(18).
1
Let s(n) = -122*n - 448. Determine s(-8).
528
Let g(x) = -x**3 + 17*x**2 + 118*x + 21. What is g(23)?
-439
Let d(l) = -2*l**2 - 80*l + 134. Calculate d(-43).
-124
Let l(z) = -11550*z - 10720. Calculate l(-1).
830
Let n(a) = -a**3 + 51*a**2 + 109*a - 30. What is n(53)?
129
Let j(v) = -6365*v**2 + 89051*v + 823. Determine j(14).
-3
Let m(g) = 58*g**2 + 46*g - 26536. Give m(21).
8
Let i(l) = -l**3 - 228*l**2 + 34568*l - 4180. Determine i(104).
-20
Let f(h) = 43*h - 4114. What is f(61)?
-1491
Let s(w) = -10*w**3 - 569*w**2 + 53*w - 20. Give s(-57).
208
Let a(t) = -6027*t - 445991. Calculate a(-74).
7
Let w(a) = -38875*a + 622072. Give w(16).
72
Let j(a) = 2*a**3 + 54*a**2 + 354*a + 124. Calculate j(-15).
214
Let o(r) = -4*r**2 - 1226*r - 89492. What is o(-120)?
28
Let i(n) = -881*n - 56016. Determine i(-65).
1249
Let j(o) = -14133*o + 890415. What is j(63)?
36
Let u(o) = 2*o**3 + 1734*o**2 + 32221*o - 53. 